{"id":111,"date":"2017-01-28T22:15:02","date_gmt":"2017-01-28T22:15:02","guid":{"rendered":"https:\/\/adrien-v.pul-lup.fr\/wpav\/?page_id=111"},"modified":"2024-09-09T13:10:01","modified_gmt":"2024-09-09T13:10:01","slug":"developpement","status":"publish","type":"page","link":"https:\/\/adrien-v.com\/?page_id=111&lang=fr","title":{"rendered":"D\u00e9veloppement"},"content":{"rendered":"<p><img loading=\"lazy\" decoding=\"async\" class=\"img-responsive aligncenter wp-image-326\" src=\"wp-content\/uploads\/programming-583923_960_720-1.jpg\" width=\"400\" height=\"213\" \/><\/p>\n<h2>Comp\u00e9tences pratiques de d\u00e9veloppement<\/h2>\n<ul>\n<li><strong>Web<\/strong> : Synfony, PHP7, javascript (Node,\u00a0React, Typescript ), html5, css<\/li>\n<li><strong>Api<\/strong> : facebook, google, amazon, apple store &#8230;<\/li>\n<li><strong>Smart contracts<\/strong> : solidity, truffle, hardhat &#8230;<\/li>\n<li><strong>Data Science<\/strong> : R, python, Machine Learning<\/li>\n<li><strong>Mod\u00e9lisation<\/strong> : Sch\u00e9mas, Architectures de classes, DTD&#8230;<\/li>\n<li>Expert des m\u00e9thodes de transformation<strong> XML<\/strong> : XSLT, DOM, SAX, XQUERY\u2026<\/li>\n<li>Docker, AWS, LATEX, CAML, PROLOG \u2026<\/li>\n<\/ul>\n<p><\/p>\n<h2>Projets<\/h2>\n<p><\/p>\n<h3>TheMaxiA \/ MMMix<\/h3>\n<p class=\"p1\">Initiatives artistiques qui se concentrent sur l\u2019exploration et la fusion de l\u2019art num\u00e9rique et de la technologie, notamment \u00e0 travers des masques NFT, la r\u00e9alit\u00e9 augment\u00e9e, et la musique. La musique joue un r\u00f4le central, unissant l\u2019humain et l\u2019artificiel pour cr\u00e9er des exp\u00e9riences \u00e9motionnelles partag\u00e9es. Le projet invite les artistes \u00e0 co-cr\u00e9er et \u00e0 explorer la diversit\u00e9 des intelligences cr\u00e9atives.\u00a0De plus, ils incorporent des \u00e9l\u00e9ments du Web3 pour g\u00e9rer les droits des cr\u00e9ateurs de mani\u00e8re d\u00e9centralis\u00e9e, assurant une transparence et une r\u00e9mun\u00e9ration \u00e9quitable pour les ayants droit gr\u00e2ce \u00e0 la technologie blockchain.<\/p>\n<h3>Qaptur<\/h3>\n<p class=\"p1\">Plateforme SaaS qui aide les investisseurs d\u2019impact \u00e0 identifier, \u00e9valuer et financer des projets bas\u00e9s sur des solutions fond\u00e9es sur la nature (NBS).<\/p>\n<ul>\n<li class=\"p1\">T\u00e9l\u00e9d\u00e9tection par satellite (Sentinel-2) pour l\u2019acquisition de donn\u00e9es d\u2019imagerie \u00e0 haute r\u00e9solution spatiale.<\/li>\n<li class=\"p1\">Machine Learning pour le traitement des donn\u00e9es et l\u2019estimation du carbone s\u00e9questr\u00e9 (calcul du GPP).<\/li>\n<li class=\"p1\">Analyse g\u00e9ospatiale \u00e0 grande \u00e9chelle et visualisation des donn\u00e9es :Google Earth Engine.<\/li>\n<li class=\"p1\">Outils de calcul scientifique en langage R et python<\/li>\n<\/ul>\n<p><\/p>\n<h3>SolarXchange<\/h3>\n<p>Tokenisation de centrales solaires:<\/p>\n<ul>\n<li>Cr\u00e9ation d&#8217;une factory de collection d&#8217;Erc1155<\/li>\n<li>Stockage d\u00e9centralis\u00e9 des assets (ipfs)<\/li>\n<li>Achat de parts avec de l&#8217;Erc20<\/li>\n<li>Mint de ces NFT<\/li>\n<\/ul>\n<p><\/p>\n<h3>Stream-Surfing<\/h3>\n<p>Prototypes de contr\u00f4leurs audio\/video permettant leur enrichissement et de surfer dedans:<\/p>\n<ul>\n<li><a href=\"?p=374&amp;lang=fr\">Modelisation<\/a><\/li>\n<li>Exp\u00e9rimentations: Voir <a title=\"Liste de lecture de contr\u00f4le du temps multi-media\" href=\"https:\/\/www.youtube.com\/watch?v=I-xsB3FFEKo&amp;list=PLRmNUHjNpTxOY0X_fnSsiv-QAXSogkZQ4\" target=\"_blank\">les d\u00e9mos de Stream-Surfing<\/a><\/li>\n<\/ul>\n<p><\/p>\n<h3>LigAV<\/h3>\n<p>Co-fondateur et Ing\u00e9nieur de recherche chez <a href=\"http:\/\/www.ligaran.com\/\">Ligaran<\/a> depuis 2009, j&#8217;ai d\u00e9velopp\u00e9 un m\u00e9ta-moteur de composition. Il permet d&#8217;orchestrer un flow de traitements multi-langages de fa\u00e7on modulaire et structur\u00e9e (Xml).<\/p>\n<p>J&#8217;ai \u00e9galement \u00e9crit l&#8217;ensemble des modules qu&#8217;il utilise dans diff\u00e9rents langages (xslt, php, python, sh, java&#8230;) pour disposer d&#8217;un convertisseur g\u00e9n\u00e9rique de notre format d&#8217;entr\u00e9e standardis\u00e9 vers tous les formats produits (epub, impression traditionnelle ou grandes lettres, pdf web&#8230;).<\/p>\n<p>Ce moteur est utilis\u00e9 industriellement, sur toute la cha\u00eene de production de notre soci\u00e9t\u00e9, pour des centaines de nouveaux livres chaque mois.<br \/>\n<\/p>\n<h3>Pul-luP<\/h3>\n<p>Je d\u00e9veloppe des id\u00e9es autour de l&#8217;interaction entre <strong>Informatique<\/strong> et <strong>Musique<\/strong>. En 2005, je cr\u00e9e la web-radio &#8220;Pul-luP Radio&#8221;, puis le site <a href=\"https:\/\/pul-lup.com\/\">pul-lup.com<\/a> d\u00e9di\u00e9 aux mixes (<a title=\"Pul-luP, l\u2019histoire\" href=\"https:\/\/adrien-v.pul-lup.fr\/wpav\/?page_id=78&amp;lang=fr\">voir le d\u00e9tail de l&#8217;historique<\/a>). Je travaille maintenant essentiellement sur la cr\u00e9ation d&#8217;outils d\u00e9di\u00e9s \u00e0 l\u2019analyse, l\u2019annotation, et la navigation dans les m\u00e9dias temporis\u00e9s.<br \/>\n<\/p>\n<h3>Tview<\/h3>\n<p>En 2006-2007, dans le cadre de ma th\u00e8se, j&#8217;ai mis au point un outil en ligne &#8220;<a title=\"Tview\" href=\"?p=1&amp;lang=fr\"><strong>Tview<\/strong><\/a>&#8221; pour la visualisation et la transformation de structures (automates, arbres, transducteurs&#8230;).<\/p>\n","protected":false},"excerpt":{"rendered":"<p>Comp\u00e9tences pratiques de d\u00e9veloppement Web : Synfony, PHP7, javascript (Node,\u00a0React, Typescript ), html5, css Api : facebook, google, amazon, apple store &#8230; Smart contracts : solidity, truffle, hardhat &#8230; Data Science : R, python, Machine Learning Mod\u00e9lisation : Sch\u00e9mas, Architectures de classes, DTD&#8230; Expert des m\u00e9thodes de transformation XML : XSLT, DOM, SAX, XQUERY\u2026 Docker,<\/p>\n<div class=\"read-more\"><a href=\"https:\/\/adrien-v.com\/?page_id=111&#038;lang=fr\" title=\"Read More\">Read More<\/a><\/div>\n","protected":false},"author":1,"featured_media":0,"parent":0,"menu_order":0,"comment_status":"open","ping_status":"open","template":"page-blocks.php","meta":{"footnotes":""},"class_list":["post-111","page","type-page","status-publish"],"_links":{"self":[{"href":"https:\/\/adrien-v.com\/index.php?rest_route=\/wp\/v2\/pages\/111"}],"collection":[{"href":"https:\/\/adrien-v.com\/index.php?rest_route=\/wp\/v2\/pages"}],"about":[{"href":"https:\/\/adrien-v.com\/index.php?rest_route=\/wp\/v2\/types\/page"}],"author":[{"embeddable":true,"href":"https:\/\/adrien-v.com\/index.php?rest_route=\/wp\/v2\/users\/1"}],"replies":[{"embeddable":true,"href":"https:\/\/adrien-v.com\/index.php?rest_route=%2Fwp%2Fv2%2Fcomments&post=111"}],"version-history":[{"count":18,"href":"https:\/\/adrien-v.com\/index.php?rest_route=\/wp\/v2\/pages\/111\/revisions"}],"predecessor-version":[{"id":549,"href":"https:\/\/adrien-v.com\/index.php?rest_route=\/wp\/v2\/pages\/111\/revisions\/549"}],"wp:attachment":[{"href":"https:\/\/adrien-v.com\/index.php?rest_route=%2Fwp%2Fv2%2Fmedia&parent=111"}],"curies":[{"name":"wp","href":"https:\/\/api.w.org\/{rel}","templated":true}]}}